{"id":126,"date":"2025-10-27T10:57:30","date_gmt":"2025-10-27T10:57:30","guid":{"rendered":"https:\/\/www.namasteindicka.cz\/?page_id=126"},"modified":"2025-12-01T08:48:18","modified_gmt":"2025-12-01T08:48:18","slug":"stale-menu","status":"publish","type":"page","link":"https:\/\/web.ganeshplzen.cz\/?page_id=126","title":{"rendered":"J\u00eddeln\u00ed l\u00edstek"},"content":{"rendered":"\n<div class=\"wp-block-group alignfull has-accent-background-color has-background has-global-padding is-content-justification-center is-layout-constrained wp-container-core-group-is-layout-07713731 wp-block-group-is-layout-constrained\" style=\"margin-top:0;margin-bottom:0;padding-top:var(--wp--preset--spacing--50);padding-right:var(--wp--preset--spacing--50);padding-bottom:var(--wp--preset--spacing--50);padding-left:var(--wp--preset--spacing--50)\">\n<div data-wp-interactive=\"core\/file\" class=\"wp-block-file has-link-color wp-elements-0c996a2e494aee3b8ccd673ace9430e6\" style=\"padding-top:0;padding-bottom:0\"><object data-wp-bind--hidden=\"!state.hasPdfPreview\" hidden class=\"wp-block-file__embed\" data=\"https:\/\/web.ganeshplzen.cz\/wp-content\/uploads\/2025\/12\/JL-web.pdf\" type=\"application\/pdf\" style=\"width:100%;height:770px\" aria-label=\"Vlo\u017eit z JL - web.\"><\/object><a id=\"wp-block-file--media-8e5dcd16-4aa8-4e9d-ac48-b31de69a4de1\" href=\"https:\/\/web.ganeshplzen.cz\/wp-content\/uploads\/2025\/12\/JL-web.pdf\" target=\"_blank\" rel=\"noreferrer noopener\">JL &#8211; web<\/a><a href=\"https:\/\/web.ganeshplzen.cz\/wp-content\/uploads\/2025\/12\/JL-web.pdf\" class=\"wp-block-file__button wp-element-button\" download aria-describedby=\"wp-block-file--media-8e5dcd16-4aa8-4e9d-ac48-b31de69a4de1\">St\u00e1hnout<\/a><\/div>\n<\/div>\n\n\n\n<p><\/p>\n","protected":false},"excerpt":{"rendered":"","protected":false},"author":1,"featured_media":0,"parent":0,"menu_order":0,"comment_status":"closed","ping_status":"closed","template":"","meta":{"footnotes":""},"class_list":["post-126","page","type-page","status-publish","hentry"],"_links":{"self":[{"href":"https:\/\/web.ganeshplzen.cz\/index.php?rest_route=\/wp\/v2\/pages\/126","targetHints":{"allow":["GET"]}}],"collection":[{"href":"https:\/\/web.ganeshplzen.cz\/index.php?rest_route=\/wp\/v2\/pages"}],"about":[{"href":"https:\/\/web.ganeshplzen.cz\/index.php?rest_route=\/wp\/v2\/types\/page"}],"author":[{"embeddable":true,"href":"https:\/\/web.ganeshplzen.cz\/index.php?rest_route=\/wp\/v2\/users\/1"}],"replies":[{"embeddable":true,"href":"https:\/\/web.ganeshplzen.cz\/index.php?rest_route=%2Fwp%2Fv2%2Fcomments&post=126"}],"version-history":[{"count":7,"href":"https:\/\/web.ganeshplzen.cz\/index.php?rest_route=\/wp\/v2\/pages\/126\/revisions"}],"predecessor-version":[{"id":185,"href":"https:\/\/web.ganeshplzen.cz\/index.php?rest_route=\/wp\/v2\/pages\/126\/revisions\/185"}],"wp:attachment":[{"href":"https:\/\/web.ganeshplzen.cz\/index.php?rest_route=%2Fwp%2Fv2%2Fmedia&parent=126"}],"curies":[{"name":"wp","href":"https:\/\/api.w.org\/{rel}","templated":true}]}}