{"id":80,"date":"2025-09-09T05:20:34","date_gmt":"2025-09-09T05:20:34","guid":{"rendered":"https:\/\/www.namasteindicka.cz\/?page_id=80"},"modified":"2025-12-22T06:24:18","modified_gmt":"2025-12-22T06:24:18","slug":"kontakt","status":"publish","type":"page","link":"https:\/\/web.ganeshplzen.cz\/?page_id=80","title":{"rendered":"kontakt"},"content":{"rendered":"\n<div style=\"height:32px\" aria-hidden=\"true\" class=\"wp-block-spacer\"><\/div>\n\n\n\n<div class=\"wp-block-group alignwide has-global-padding is-layout-constrained wp-block-group-is-layout-constrained\">\n<p class=\"has-large-font-size\">restaurace:<\/p>\n\n\n\n<h2 class=\"wp-block-heading\">Americk\u00e1 38, Plze\u0148<\/h2>\n\n\n\n<p>telefonick\u00e9 objedn\u00e1vky:<\/p>\n\n\n\n<h2 class=\"wp-block-heading\"><a href=\"tel:+420771111234\">+420 771 111 234<\/a><\/h2>\n\n\n\n<p>email:<\/p>\n\n\n\n<h3 class=\"wp-block-heading\"><a href=\"mailto:indickarestauraceganesh@gmail.com\">indickarestauraceganesh@gmail.com<\/a><\/h3>\n\n\n\n<h4 class=\"wp-block-heading has-text-align-left\" style=\"padding-top:var(--wp--preset--spacing--50)\">       PROVOZN\u00cd DOBA<\/h4>\n\n\n\n<div class=\"wp-block-columns is-layout-flex wp-container-core-columns-is-layout-28f84493 wp-block-columns-is-layout-flex\">\n<div class=\"wp-block-column is-layout-flow wp-container-core-column-is-layout-39d51902 wp-block-column-is-layout-flow\" style=\"border-style:none;border-width:0px;padding-top:var(--wp--preset--spacing--20);padding-right:var(--wp--preset--spacing--40);padding-bottom:var(--wp--preset--spacing--20);padding-left:var(--wp--preset--spacing--40);font-size:clamp(0.984rem, 0.984rem + ((1vw - 0.2rem) * 0.86), 1.5rem);flex-basis:50%\">\n<p>POND\u011aL\u00cd<br>\u00daTER\u00dd<br>ST\u0158EDA<br>\u010cTVRTEK<br>P\u00c1TEK<br>SOBOTA<br>NED\u011aLE<br><\/p>\n<\/div>\n\n\n\n<div class=\"wp-block-column is-layout-flow wp-container-core-column-is-layout-39d51902 wp-block-column-is-layout-flow\" style=\"border-style:none;border-width:0px;padding-top:var(--wp--preset--spacing--20);padding-right:var(--wp--preset--spacing--40);padding-bottom:var(--wp--preset--spacing--20);padding-left:var(--wp--preset--spacing--40);font-size:clamp(0.984rem, 0.984rem + ((1vw - 0.2rem) * 0.86), 1.5rem);flex-basis:50%\">\n<p>11\u201322 hod.<br>11\u201322 hod.<br>11\u201322 hod.<br>11\u201322 hod.<br>11\u201322 hod.<br>11\u201322 hod.<br>11\u201322 hod.<br><\/p>\n<\/div>\n<\/div>\n\n\n\n<div style=\"height:69px\" aria-hidden=\"true\" class=\"wp-block-spacer\"><\/div>\n<\/div>\n\n\n\n<p class=\"has-text-align-center has-contrast-background-color has-background\" style=\"border-style:none;border-width:0px;padding-top:var(--wp--preset--spacing--20);padding-bottom:var(--wp--preset--spacing--20);font-size:clamp(0.929rem, 0.929rem + ((1vw - 0.2rem) * 0.785), 1.4rem);\">Provozovatel: Santosh Rayamajhi  |  I\u010c: 026 21 169<br><\/p>\n\n\n\n<figure class=\"wp-block-gallery has-nested-images columns-default is-cropped wp-block-gallery-1 is-layout-flex wp-block-gallery-is-layout-flex\">\n<figure class=\"wp-block-image size-large\"><img loading=\"lazy\" decoding=\"async\" width=\"768\" height=\"1024\" data-id=\"192\" src=\"https:\/\/web.ganeshplzen.cz\/wp-content\/uploads\/2025\/12\/IMG-20251130-WA0003-768x1024.jpg\" alt=\"\" class=\"wp-image-192\" srcset=\"https:\/\/web.ganeshplzen.cz\/wp-content\/uploads\/2025\/12\/IMG-20251130-WA0003-768x1024.jpg 768w, https:\/\/web.ganeshplzen.cz\/wp-content\/uploads\/2025\/12\/IMG-20251130-WA0003-225x300.jpg 225w, https:\/\/web.ganeshplzen.cz\/wp-content\/uploads\/2025\/12\/IMG-20251130-WA0003-1152x1536.jpg 1152w, https:\/\/web.ganeshplzen.cz\/wp-content\/uploads\/2025\/12\/IMG-20251130-WA0003.jpg 1536w\" sizes=\"auto, (max-width: 768px) 100vw, 768px\" \/><\/figure>\n\n\n\n<figure class=\"wp-block-image size-large\"><img loading=\"lazy\" decoding=\"async\" width=\"768\" height=\"1024\" data-id=\"193\" src=\"https:\/\/web.ganeshplzen.cz\/wp-content\/uploads\/2025\/12\/IMG-20251130-WA0004-768x1024.jpg\" alt=\"\" class=\"wp-image-193\" srcset=\"https:\/\/web.ganeshplzen.cz\/wp-content\/uploads\/2025\/12\/IMG-20251130-WA0004-768x1024.jpg 768w, https:\/\/web.ganeshplzen.cz\/wp-content\/uploads\/2025\/12\/IMG-20251130-WA0004-225x300.jpg 225w, https:\/\/web.ganeshplzen.cz\/wp-content\/uploads\/2025\/12\/IMG-20251130-WA0004-1152x1536.jpg 1152w, https:\/\/web.ganeshplzen.cz\/wp-content\/uploads\/2025\/12\/IMG-20251130-WA0004.jpg 1536w\" sizes=\"auto, (max-width: 768px) 100vw, 768px\" \/><\/figure>\n\n\n\n<figure class=\"wp-block-image size-large\"><img loading=\"lazy\" decoding=\"async\" width=\"768\" height=\"1024\" data-id=\"194\" src=\"https:\/\/web.ganeshplzen.cz\/wp-content\/uploads\/2025\/12\/IMG-20251130-WA0008-768x1024.jpg\" alt=\"\" class=\"wp-image-194\" srcset=\"https:\/\/web.ganeshplzen.cz\/wp-content\/uploads\/2025\/12\/IMG-20251130-WA0008-768x1024.jpg 768w, https:\/\/web.ganeshplzen.cz\/wp-content\/uploads\/2025\/12\/IMG-20251130-WA0008-225x300.jpg 225w, https:\/\/web.ganeshplzen.cz\/wp-content\/uploads\/2025\/12\/IMG-20251130-WA0008-1152x1536.jpg 1152w, https:\/\/web.ganeshplzen.cz\/wp-content\/uploads\/2025\/12\/IMG-20251130-WA0008.jpg 1536w\" sizes=\"auto, (max-width: 768px) 100vw, 768px\" \/><\/figure>\n\n\n\n<figure class=\"wp-block-image size-large\"><img loading=\"lazy\" decoding=\"async\" width=\"768\" height=\"1024\" data-id=\"195\" src=\"https:\/\/web.ganeshplzen.cz\/wp-content\/uploads\/2025\/12\/IMG-20251130-WA0014-768x1024.jpg\" alt=\"\" class=\"wp-image-195\" srcset=\"https:\/\/web.ganeshplzen.cz\/wp-content\/uploads\/2025\/12\/IMG-20251130-WA0014-768x1024.jpg 768w, https:\/\/web.ganeshplzen.cz\/wp-content\/uploads\/2025\/12\/IMG-20251130-WA0014-225x300.jpg 225w, https:\/\/web.ganeshplzen.cz\/wp-content\/uploads\/2025\/12\/IMG-20251130-WA0014-1152x1536.jpg 1152w, https:\/\/web.ganeshplzen.cz\/wp-content\/uploads\/2025\/12\/IMG-20251130-WA0014.jpg 1536w\" sizes=\"auto, (max-width: 768px) 100vw, 768px\" \/><\/figure>\n<\/figure>\n","protected":false},"excerpt":{"rendered":"<p>restaurace: Americk\u00e1 38, Plze\u0148 telefonick\u00e9 objedn\u00e1vky: +420 771 111 234 email: indickarestauraceganesh@gmail.com PROVOZN\u00cd DOBA POND\u011aL\u00cd\u00daTER\u00ddST\u0158EDA\u010cTVRTEKP\u00c1TEKSOBOTANED\u011aLE 11\u201322 hod.11\u201322 hod.11\u201322 hod.11\u201322 hod.11\u201322 hod.11\u201322 hod.11\u201322 hod. Provozovatel: Santosh Rayamajhi | I\u010c: 026 21 169<\/p>\n","protected":false},"author":1,"featured_media":0,"parent":0,"menu_order":0,"comment_status":"closed","ping_status":"closed","template":"","meta":{"footnotes":""},"class_list":["post-80","page","type-page","status-publish","hentry"],"_links":{"self":[{"href":"https:\/\/web.ganeshplzen.cz\/index.php?rest_route=\/wp\/v2\/pages\/80","targetHints":{"allow":["GET"]}}],"collection":[{"href":"https:\/\/web.ganeshplzen.cz\/index.php?rest_route=\/wp\/v2\/pages"}],"about":[{"href":"https:\/\/web.ganeshplzen.cz\/index.php?rest_route=\/wp\/v2\/types\/page"}],"author":[{"embeddable":true,"href":"https:\/\/web.ganeshplzen.cz\/index.php?rest_route=\/wp\/v2\/users\/1"}],"replies":[{"embeddable":true,"href":"https:\/\/web.ganeshplzen.cz\/index.php?rest_route=%2Fwp%2Fv2%2Fcomments&post=80"}],"version-history":[{"count":19,"href":"https:\/\/web.ganeshplzen.cz\/index.php?rest_route=\/wp\/v2\/pages\/80\/revisions"}],"predecessor-version":[{"id":197,"href":"https:\/\/web.ganeshplzen.cz\/index.php?rest_route=\/wp\/v2\/pages\/80\/revisions\/197"}],"wp:attachment":[{"href":"https:\/\/web.ganeshplzen.cz\/index.php?rest_route=%2Fwp%2Fv2%2Fmedia&parent=80"}],"curies":[{"name":"wp","href":"https:\/\/api.w.org\/{rel}","templated":true}]}}